or of 8 and v.
8
Suppose -4*f - 43 = i, i - 15 = 3*f - 4*i. Let q = f - -7. Let k be (-120)/1*q/6. What is the greatest common divisor of 12 and k?
12
Suppose i + 90 = 3*i. What is the greatest common factor of i and 5?
5
Suppose 27 = 4*b - 61. Let a(k) = k**3 + k**2 + 2*k + 132. Let u be a(0). What is the highest common divisor of b and u?
22
Suppose -4*h = 5*a - 228, -2*h + 17 = a - 25. What is the highest common factor of 36 and a?
12
Let r(k) = -k**3 + 14*k**2 - 6*k + 7. Let l be r(13). What is the greatest common divisor of 14 and l?
14
Let v(m) = -2*m - 15. Let q be v(-10). What is the greatest common divisor of q and 15?
5
Let h(l) = 2*l + 9. Let j be h(5). What is the highest common divisor of j and 171?
19
Let c(p) = p**3 - 12*p**2 + 12*p - 1. Let a be c(11). What is the highest common factor of a and 15?
5
Let g = -6 - -9. Suppose -3*n - n + 60 = -2*f, 4*n = -3*f - 140. Let o be ((-6)/(-4))/((-4)/f). What is the greatest common divisor of o and g?
3
Let o = 2 - 2. Let d be (1/3*o)/(-2). Suppose d*m + 4 = m. Calculate the greatest common factor of 2 and m.
2
Suppose -2*d - 28 = -4*r, -4*d + 7*r = 2*r + 65. Let j be (d/(-3))/((-18)/(-27)). What is the highest common factor of 40 and j?
10
Let x be (12/(-10))/((-3)/15). Suppose 0*p = 2*p - 108. Calculate the highest common factor of x and p.
6
Let o(a) = a**3 - 4*a**2 + 5. Let l(d) = -d**2 + 9*d + 4. Let m be l(9). Let x be o(m). Calculate the greatest common divisor of 5 and x.
5
Let o be -1 + 0 - (-6 + 1). Suppose 0 = o*r - 53 + 1. Let f = r - 8. What is the greatest common factor of f and 2?
1
Let s = 17 - 6. Suppose 32 - 4 = 4*f. Let z(r) = -r**3 + 8*r**2 + 6. Let v be z(f). Calculate the greatest common factor of s and v.
11
Let q = 157 - 52. Calculate the greatest common factor of q and 14.
7
Suppose -2*x + 182 + 58 = 0. Let d = 4 - 0. Suppose 2*c + d = 0, 5*c = 2*o + 2*c - 36. Calculate the greatest common divisor of o and x.
15
Let q(b) = -9*b - 1. Let p be q(-2). Let o = 53 + -34. Let a = -2 + o. Calculate the greatest common factor of p and a.
17
Let j(x) = 3*x**2 + 18*x - 61. Let a be j(8). Calculate the highest common divisor of a and 25.
25
Let b = 47 + -20. Calculate the greatest common divisor of b and 9.
9
Suppose 0*d = 2*d - 52. Let x = d - 16. Suppose 0 = -h - 0*h + x. Calculate the greatest common factor of h and 30.
10
Let t be 1376/48 - 2/6*-1. Calculate the greatest common divisor of 116 and t.
29
Let c(q) = q**3 - 11*q**2 + 5*q - 3. Let k be c(11). Calculate the highest common divisor of 13 and k.
13
Let k(b) = 11*b**2 + b - 2. Let d be k(1). What is the highest common factor of 5 and d?
5
Suppose -3*p + 3*g - 95 = g, -38 = 2*p + 5*g. Let f = 41 + p. Calculate the greatest common divisor of 8 and f.
4
Let g(t) = 12*t**2 - 2. Let n be g(-4). Suppose -300 = -5*q + 3*c, -n = -5*q - c + 90. What is the highest common factor of q and 19?
19
Let y be 45/(-90) + 149/2 + 1. Calculate the greatest common divisor of 50 and y.
25
Let u be -22*(-3 - (-14)/4). Suppose -4*l = x - 18, -l - 69 = -3*x + 2*l. Let v = u + x. What is the greatest common factor of 11 and v?
11
Suppose 5 = 2*q - 1. What is the greatest common factor of 24 and q?
3
Suppose -2*g - 66 = -4*g. Calculate the highest common factor of 22 and g.
11
Let c(l) = -l**3 + 9*l**2 + 10*l - 1. Let d be c(10). Let g be (0 + (-1)/d)*40. What is the greatest common factor of 16 and g?
8
Suppose -u + 2*j = -7, -11 = u - 4*u - 4*j. Suppose -h = m - 7, -5*m - u*h + 27 = -2*m. Calculate the highest common factor of m and 28.
4
Let o be (-8)/32 + (1197/12)/3. Calculate the highest common divisor of 55 and o.
11
Let h(j) = j + 56 - 4*j + 2*j. Let i be h(0). Suppose 5*c + 2*n = -2*n + 36, 3*n = 5*c - 43. Calculate the highest common factor of i and c.
8
Let u(f) = -f**3 + 7*f**2 + 4. Let g be u(7). Suppose -g*y + 17 = -23. Calculate the greatest common factor of y and 25.
5
Suppose -2*b + 28 = -b. Let o be (-2 - 1) + (-11 - -4). Let p(r) = -r**2 - 12*r - 6. Let j be p(o). What is the highest common divisor of b and j?
14
Let t(k) = -k - 6. Let s be t(-7). What is the highest common factor of 1 and s?
1
Let p be 2 + (1 - 2) + -1. Suppose -2*z + 0*z + 396 = p. Suppose -2*y + 3*y = 18. What is the highest common factor of y and z?
18
Let y(n) = 3*n**2 + 6*n - 2. Suppose h - 4 = -0*h. Let i be y(h). Let q = 36 + -26. What is the highest common divisor of i and q?
10
Suppose 71 = 5*k - 24. What is the highest common divisor of k and 209?
19
Let n be (-1)/(-2) - 1726/(-4). Suppose 2*v + 2*v = n. Let j(t) = -t**2 + 7*t + 6. Let d be j(6). What is the highest common divisor of d and v?
12
Suppose 0 = 5*a + 3*z - 2*z - 495, 5*a - 485 = -3*z. Calculate the highest common factor of 10 and a.
10
Let q = -161 + 229. Calculate the highest common divisor of 51 and q.
17
Suppose z = 13 + 34. Let m = z - 33. What is the greatest common divisor of m and 14?
14
Let f be (30 - 0)*(-140)/(-15). Suppose 0 = 2*c + 3*c - f. Calculate the highest common divisor of 7 and c.
7
Let c(s) = s**2 + 2. Let v be c(-3). Calculate the highest common divisor of v and 77.
11
Let v(r) = r**3 + 5*r**2 + 2*r + 12. Let d be v(-5). Calculate the highest common divisor of 2 and d.
2
Let o = -27 + 75. Calculate the greatest common divisor of o and 24.
24
Suppose -5*s = 2*r + 2*r - 19, 4*r = s + 1. Let o be s/3 + 189 + -1. Calculate the greatest common factor of 27 and o.
27
Let a = -69 - -40. Let i = 21 - a. What is the greatest common divisor of i and 20?
10
Let g(n) = n**2 - 5*n + 3. Let t be g(5). What is the greatest common divisor of t and 6?
3
Let g(d) = -d**2 - 7*d - 2. Let l be g(-6). Let w(c) = 3*c - 2*c + 3*c + 5*c**2 - 3*c. Let r be w(-1). Calculate the highest common divisor of l and r.
4
Let w be (3 - 1) + -1 + 1. Suppose -2*a + 2 + w = 0. What is the greatest common divisor of 18 and a?
2
Suppose 0 = 3*l + 3 - 393. What is the greatest common divisor of l and 10?
10
Let m(w) be the first derivative of 13*w**3/3 + w**2/2 + 6. Let o be m(1). What is the greatest common divisor of 28 and o?
14
Suppose 3*u = -3*r + 3, 3*r + r + 5*u = 2. Suppose -36 = b - r*b. What is the greatest common factor of 54 and b?
18
Let z = -35 - -75. What is the highest common divisor of 10 and z?
10
Suppose 0 = -3*b + b + 264. Suppose l - 5*z - 37 = 0, -2*l + z - 31 = -5*l. Calculate the highest common divisor of b and l.
12
Suppose 2*l = 3*l - 16. Suppose 0 = -2*c + l. Calculate the highest common divisor of 8 and c.
8
Suppose 3*f - 18 = 39. Suppose 0 = 2*t - 65 - f. Calculate the greatest common factor of t and 14.
14
Let c be -2*(-4)/(-24)*-3 - -3. Calculate the greatest common divisor of 4 and c.
4
Let z = 98 + -70. What is the greatest common divisor of z and 140?
28
Let o be (-2205)/(-10) - (0 - (-2)/4). Calculate the greatest common divisor of 44 and o.
44
Let h(l) = 4*l**2 - l + 1. Let o be (-1 - -2)/((-2)/(-10)). Let t be h(o). Suppose -3*g = g - t. What is the greatest common factor of g and 6?
6
Let c = 0 + 21. What is the greatest common divisor of 63 and c?
21
Let j = 43 + -26. What is the greatest common factor of 17 and j?
17
Let g be (-24)/(-64) - (-4634)/16. What is the greatest common factor of 29 and g?
29
Suppose -158 - 20 = -2*f. Let n = -62 + f. What is the highest common factor of 18 and n?
9
Let m(l) = -78*l. Let x be m(-1). Suppose x = 3*h - h. Calculate the highest common divisor of h and 13.
13
Let t(a) = -a**3 - a**2 + 8*a. Let v be t(-4). Calculate the highest common factor of 48 and v.
16
Let u(a) = -a + 3. Let c be u(-6). Let f = 0 - c. Let n(o) = -o**3 - 8*o**2 + 7*o - 7. Let m be n(f). Calculate the greatest common factor of 55 and m.
11
Let s be ((-14)/(-3 + -4))/((-2)/(-51)). Suppose x = -2*u - 2*x + 49, 2*u - 24 = 2*x. What is the greatest common factor of s and u?
17
Let p be 286/4 - (-1)/2. What is the greatest common factor of p and 8?
8
Let h(z) = -z - 9. Let i be h(-8). Let d be ((-40)/(-16))/(i/(-18)). Calculate the highest common divisor of d and 9.
9
Suppose -2*p + 2 = -0*p. Let y = p + 1. Let u(x) = x**3 + 5*x**2 - 2*x - 5. Let a be u(-5). Calculate the highest common factor of y and a.
1
Suppose -4*o + 2*o = 10. Let h be (28/o)/(5/(-50)). Calculate the greatest common factor of h and 7.
7
Let k(h) = 5*h. Let r be k(9). Calculate the